Is j a composite number?
True
Let z = -8 - -2. Let q(b) = 67*b**2 + 2*b - 9. Is q(z) a prime number?
False
Let g(q) be the third derivative of q**5/30 + 7*q**4/24 + 2*q**3/3 + 3*q**2. Let z be g(-4). Let b(i) = 103*i + 15. Is b(z) a prime number?
True
Let i(r) be the second derivative of -r**4/12 + r**3/2 + 3*r. Let w be i(3). Suppose -5*o + 0*o = 2*k - 786, 5*k - o - 1965 = w. Is k a prime number?
False
Suppose 0 = -35*p - 44*p + 183833. Is p prime?
False
Suppose 3*q - 91348 = -5*p, 15*q = 4*p + 14*q - 73075. Is p prime?
True
Let t = -2179 + -5978. Let o = -3790 - t. Is o composite?
True
Let z(n) = n**2 + 0*n - 4*n**3 + 4 + 2 - 1 - 3*n. Is z(-4) prime?
False
Is -1 - 508685/(-45) - 1/9 composite?
True
Let d(v) = -v**3 - 6*v**2 - 6*v - 4. Let o be d(-5). Suppose t = -t + 4*l, -l + o = 0. Suppose 2*b = -10, 0*y - 3*y + 17 = t*b. Is y a prime number?
False
Suppose 2*z - 4*z + 16 = 0. Let c be (0 - 1)/((-2)/z). Suppose 132 = 4*l + c*t, -5*t + 39 = 2*l - 27. Is l a composite number?
True
Let m(w) be the third derivative of 81/10*w**5 + 0 + 0*w + 3*w**2 - 1/6*w**3 + 0*w**4. Is m(1) prime?
False
Let a = -331 - -323. Let t(s) = 9*s**2 + s. Let j be t(-1). Is j/a - (-1 + -119) a composite number?
True
Let s(b) = 46*b**2 - b + 20. Is s(-9) a composite number?
True
Suppose 4*m - 3*u = 14491, 10*m - 12*m = 4*u - 7240. Is m prime?
False
Let z(y) = -y + 11. Suppose -2*q + 16 = 6. Let w be z(q). Is 1341/(-6)*(-4)/w a composite number?
False
Let d = -128 + 136. Suppose -9*x - 542 = -5*r - d*x, 3*r = -x + 330. Is r a prime number?
True
Let n(b) = 109*b**2 + 62*b + 72. Is n(-25) composite?
True
Let l = -93 - -98. Suppose -t - 669 = -3*m + 370, l*m - 5*t = 1725. Is m composite?
False
Let v = -1176 - -2572. Is 2 + -3 + v - -4 a prime number?
True
Let k(d) = 19 + 532*d - 47*d - 55*d. Is k(6) composite?
True
Let o = -132 - -646. Suppose 3*k = -0*k + i + 755, 2*k - o = -2*i. Is k composite?
True
Suppose 2*h + 3132 = -2*w, -6*w + 1574 = -h - 3*w. Let z = h + 2655. Is z composite?
False
Let w(i) = i. Suppose 0*d - 2*d = -4. Let t(s) = -3*s + 43. Let o(v) = d*w(v) + t(v). Is o(0) prime?
True
Let x(k) = 6*k + 157. Let p = 22 - 22. Is x(p) a composite number?
False
Suppose 0 = -10*g + 21*g - 6226. Is g a prime number?
False
Suppose 7*y + 380 = 11*y. Suppose 5*s - 10*s = -y. Is s a composite number?
False
Let m(y) = 18*y - 19. Let z(i) = i - 1. Let u(c) = -3*c + 3. Let j(a) = u(a) + 2*z(a). Let f(p) = 3*j(p) + m(p). Is f(11) a prime number?
True
Is 2/4*-1*(-10174)/1 composite?
False
Suppose 40 = -3*j + 2*a, j + 31 = -j - 3*a. Let z = j - -14. Suppose z = -0*m - 5*m + 1825. Is m a prime number?
False
Suppose -322*h = -328*h + 4170. Is h a prime number?
False
Let h(w) = w**3 - 14*w**2 + 15*w - 21. Let p be h(13). Suppose p*s - 8491 = -2*s. Is s a prime number?
True
Let k(r) = -12 + 5*r + 6*r**3 - r**2 + 8 - 3*r**2 + 6*r**2. Is k(5) a prime number?
True
Suppose -168 + 63 = 21*s. Let n(w) be the third derivative of -109*w**4/24 + w**3/3 + 2*w**2. Is n(s) a composite number?
False
Is 4/(-16) + 13605/4 composite?
True
Let a = 9858 - 731. Is a composite?
False
Let f(b) = -12*b**2 - 1 - 13*b**2 + 92*b**2 - b. Is f(-1) a prime number?
True
Let c(u) be the second derivative of 35*u**4/4 + 5*u**3/6 - 5*u**2/2 - 17*u. Is c(3) a composite number?
True
Suppose -41*z + 51*z = 21790. Is z a composite number?
False
Suppose 12*a = 13*a + 441. Let y = 940 + a. Is y composite?
False
Let l = -106314 - -155567. Is l prime?
True
Let x = -14696 - -24663. Is x prime?
True
Let o be (-2 - -2) + -1 + 3. Let d = -31 - -22. Is ((-6)/d)/(o/879) a composite number?
False
Let j be -191*(2 + 0 + -1). Let c = -113 - j. Is (-2 - c/(-4))*2 a prime number?
False
Is ((-50632)/16)/(1/(-2)) prime?
True
Let h(f) be the second derivative of 154*f**3/3 - 3*f**2/2 + 14*f. Is h(2) composite?
False
Suppose -4*h = 5*a - 111359 + 27862, -3*h + 62622 = 3*a. Is h prime?
True
Let z = 15 - 1. Let m = z + -8. Suppose -m*n = -205 - 809. Is n a prime number?
False
Let o(m) = -7*m**2 - 2*m - 469. Let i(u) = 6*u**2 + 2*u + 469. Let q(h) = 6*i(h) + 5*o(h). Let k be 0*(-1 + 5 - 5). Is q(k) composite?
True
Suppose 5*n - 20 = -2*d - d, 5*d - 20 = 5*n. Suppose -529 = -d*g - b, 323 = 3*g + 3*b - 8*b. Is g a composite number?
True
Let v(b) = -3*b + 1. Let d be v(-1). Suppose -d*i + 2*i + 2717 = 5*c, 5*i = -5*c + 6800. Is i composite?
False
Let o(b) = -b**3 - 8*b**2 - 12*b + 3. Let u be o(-6). Suppose -3*p + p = -2*q - 106, 0 = 2*p - u*q - 106. Is p prime?
True
Let t = -50 - -59. Suppose -t*g = -7*g - 2018. Is g a prime number?
True
Let r = -5 + 12. Suppose -3*s = -2*m + 289, 371 = 3*m - 3*s - 70. Suppose -m = -r*z + 3*z. Is z prime?
False
Let c(h) be the first derivative of -h**3/3 - 7*h**2/2 + 8*h + 6. Let i be c(-8). Suppose -81 = -i*q - 3*q - 3*g, -3*q + 3*g + 75 = 0. Is q prime?
False
Let h be ((-4)/10)/(2/(-5)). Let t be (0/h)/(-5) - -4. Suppose -a = -t*n - 989, -5*a + 3291 + 1692 = -n. Is a a composite number?
False
Suppose -2*q = -3*y - 5*q + 84, -4*q - 104 = -4*y. Is 9274/18 - 6/y a prime number?
False
Suppose 3*m + 3 = -3*c, -c - m - 7 = 2*c. Let b(h) = -6*h - 5. Let p be b(c). Suppose -348 = -5*o - p. Is o a prime number?
True
Suppose 4*k = k + 3*l + 16872, k + 3*l = 5636. Is k a composite number?
True
Let l(m) = -m**3 - 6*m**2 - 24*m + 2. Is l(-11) a composite number?
True
Suppose -6*d + 2*d = 0. Suppose 2*b = l - 345, d = 2*b - 0*b + 6. Is l prime?
False
Suppose 3*m - 9 = -3, -4*l - m - 38 = 0. Suppose 0 = 4*a + 2*a - 15138. Is a/5 - l/25 prime?
False
Is (-1 + 2)*(-6 - (-3491 - 2)) composite?
True
Let v be ((-14)/(-35))/(6/(-2760)). Let g = 932 - 489. Let y = v + g. Is y a prime number?
False
Let y = 12029 + -5070. Is y composite?
False
Let s(n) = 7*n**2 - 130*n + 23. Is s(-22) composite?
False
Let s(v) = 1165*v**2 - 4*v - 1. Let f be s(-1). Let g = f - 719. Is g a composite number?
False
Suppose 3*n = -5*b + 1115 + 4160, 0 = -4*b - 2*n + 4220. Is b prime?
False
Let a be (-102)/13 + 6/(-39). Let f(v) = 4*v**2 - 10*v - 19. Is f(a) a prime number?
True
Let v(t) = t**2 + 6*t - 12. Let s be v(-8). Suppose 5*i + 4581 = s*l, -l + 1159 = -5*i + i. Is l a composite number?
True
Let t be (-208)/(-24) - (-1)/3. Suppose t*k - 8 - 28 = 0. Suppose m - 3*m = -4*v + 3498, 2*m = -k*v + 3518. Is v a prime number?
True
Let o(z) = 12*z**3 - 8*z**2 - 11*z + 79. Is o(8) a composite number?
False
Is 19653/3 - 48/(-8) a composite number?
True
Let y = 1800 - 2538. Let k be (-9)/(-12) - y/8. Suppose -2*z - k = -527. Is z a prime number?
False
Is 217/(-2170)*2*-24355 prime?
True
Let o(t) = 2*t - 9. Let j be o(7). Let s be j*(12/(-10))/(-2). Is ((-879)/9)/((-1)/s) prime?
True
Let x = -3630 + 5323. Is x prime?
True
Suppose -18471 + 1626 = -5*l. Is l a prime number?
False
Suppose 2*c + 52 = 5*q - 3*q, 5*q - 70 = 3*c. Let f be (13 - 3)*c/(-4). Is 9535/f + (-4)/30 prime?
True
Let m = -3 + 14. Let p be (-2)/4*(m + -11). Suppose x - 3 = p, 5*s - 4*x - 1652 = -3*x. Is s composite?
False
Suppose 24804 = 14*u - 3462. Suppose -5*g - 1658 - 358 = -3*l, -3*l + 4*g + u = 0. Is l a composite number?
False
Let q(s) = 250*s**2 + 25*s + 44. Is q(-6) composite?
True
Let f(p) = -155*p - 141. Is f(-6) prime?
False
Let t = 15 - 12. Let o be (t + (-9)/3)/2. Suppose -5*q + 7*q - 28 = o. Is q a prime number?
False
Let f(o) = 80*o - 11. Let n(j) = 80*j - 12. Let g(v) = 3*f(v) - 2*n(v). Is g(8) composite?
False
Let m be (580/6)/(1/3). Suppose 3*u = u + m. Suppose u + 188 = 3*w. Is w prime?
False
Let a(z) = -z**3 - 5*z**2 + 7*z + 7. Let d be a(-6). Suppose 0 = -4*w + 2*i - 274, 0*i - 12 = 4*i. Is d*(-2)/(4/w) a prime number?
False
Suppose 3*c = 6*c - 4*c. Let l(p) = 4*p + 1151. Is l(c) prime?
True
Let j(p) = 1097*p**3 + p**2 - 5*p + 9. Is j(2) a composite number?
False
Let m(l) = 235*l + 199. Is m(4) prime?
False
Suppose -3*f - 10*s = -5*s - 53146, -3*f - 3*s = -53136. Is f composite?
False
Let q(v) be the first derivative of -v**4/4 - v**3/3 - v**2/2 + 194*v + 12. Is q(0) prime?
False
Let n = -6 + 5. Let z be n/(4/(-4) - -2). Let g(i) = 2*i**2 + i + 1. Is g(z) prime?
True
Suppose -13*r + 10*r + 15 = 0. Suppose -r*x + 10*x = 2425. Is x a composite number?
True
Let m = -27 - -75. Let r = m - 31. Suppose 155 = 18*k - r*k. Is k composite?
True
Is (-4)/26 - (-16198416)/676 pr